-137. Suppose 4*k - 5*s - n = 0, 5*k - 2*s = -0*s + 82. What are the prime factors of k?
2, 3
Suppose 0 = o - 2*o + 4. Suppose o*s - 4*d - 76 = d, 2*d - 20 = -2*s. What are the prime factors of s?
2, 7
Suppose -5*j - 158 = -3*y + 86, -4*j = 20. What are the prime factors of y?
73
Suppose -5*t = 4*c - 40, 0 = 3*c + 2*t - 17 - 13. Let b = 16 - c. List the prime factors of b.
2, 3
Let j(h) = -h. Let w be j(-3). Suppose 364 - 109 = w*u. Suppose -2*b = 3*b - u. What are the prime factors of b?
17
Let m = -75 - -126. What are the prime factors of m?
3, 17
Let h = -83 + 160. Suppose 0 = 3*v - 5*i - h, -3*i - 41 = -5*v + 66. What are the prime factors of v?
19
Let z(j) = 16 + 6*j**2 + 3*j**2 + 16*j - j**3 + 8*j**2 - 2*j**2. List the prime factors of z(16).
2
Let y(l) = 2*l + 9. Let w be y(-6). Let i be 21/(-9) - (-8)/(-12). What are the prime factors of (-1)/i + (-47)/w?
2
Suppose 0 = -0*o - o - 4*d - 7, 2*o + 4*d = -2. Let t be (100/(-6))/((-1)/3). Suppose -o*x + 0*x = -t. List the prime factors of x.
2, 5
What are the prime factors of 1*(-1 + -1) - -50?
2, 3
Suppose 2*a = -3*a - 60. List the prime factors of (-9)/a - (-50)/8.
7
Suppose -7*u = -2*u - 10. Suppose -4*q - u*t - 13 = -3*q, 0 = 2*q - t + 6. Let h = 0 - q. List the prime factors of h.
5
Suppose -i = -3*i + 4. Let p(u) = -u**3 + 9*u**2 + 10*u + 7. Let c be p(10). Let f = c + i. List the prime factors of f.
3
Let y be -2*(1 + (-14)/4). Suppose -y*t - 4*k + 115 = 0, -7*k = 2*t - 3*k - 34. What are the prime factors of t?
3
Suppose -7*p + 200 = -262. List the prime factors of p.
2, 3, 11
Suppose -109 + 257 = 4*c. What are the prime factors of c?
37
Let h(b) = 3*b**2 - 9*b + 7. Let z(d) = 2*d**2 - 5*d + 4. Let c(t) = -4*h(t) + 7*z(t). List the prime factors of c(3).
3, 7
Suppose -4*f + 2*g = -2*f - 134, 3*f + 5*g - 177 = 0. What are the prime factors of f?
2
Let t(y) = y - 1. Let d be t(4). Let z(x) = 3*x - 4*x + 4*x. List the prime factors of z(d).
3
Suppose -7*f + f = -120. What are the prime factors of f?
2, 5
Suppose 17*n - 11*n - 576 = 0. What are the prime factors of n?
2, 3
Let b(i) = i**3 + 8*i**2 - 3. List the prime factors of b(-6).
3, 23
Suppose 0 = 3*o - 1007 + 122. List the prime factors of o.
5, 59
Let u = -18 - -28. List the prime factors of u.
2, 5
Let z = -103 - -194. List the prime factors of z.
7, 13
Suppose 3*o = o + 84. Suppose o - 198 = -3*p. What are the prime factors of p?
2, 13
Let u = 137 - 63. What are the prime factors of u?
2, 37
Let v(w) be the first derivative of 5*w**4/4 - 2*w**3/3 + w - 6. List the prime factors of v(1).
2
Suppose -5*q - 15 = -315. List the prime factors of q.
2, 3, 5
What are the prime factors of 256/18 + (-2)/9?
2, 7
Let p be -3 - -8 - (-4 + 2). Suppose -2*w = -5*k - 1, 4*w - w - 2*k = p. List the prime factors of w.
3
Let v be ((-12)/3 - 1)/1. Let c = 0 - v. List the prime factors of c.
5
Let c(t) = -t**3 - 3*t**2 + 6*t - 4. Suppose j = -3 - 2. Let h be c(j). List the prime factors of (h/(-12))/((-2)/3).
2
What are the prime factors of (29 - (-3 + 0))/(4/10)?
2, 5
List the prime factors of (54/5)/(1/(-15)*-3).
2, 3
Suppose 3*w - l - 99 = -4*l, 3*w - 4*l - 106 = 0. List the prime factors of w.
2, 17
Let x = 6 + 20. What are the prime factors of x?
2, 13
Let l = 31 - 22. Let v = 5 + l. What are the prime factors of v?
2, 7
Let u(o) = 10*o - 5. Let h(l) = -5*l + 2. Let b(z) = -5*h(z) - 2*u(z). What are the prime factors of b(1)?
5
Suppose -4*q + o = -q + 1, -q + 2*o + 3 = 0. Let g be -1 - q - (-6 - -4). Suppose 4*x - g*x = 38. List the prime factors of x.
19
Let f = 3 - 0. Let r = -1 + f. Suppose l = -r*l - 15, 33 = 4*j + 3*l. What are the prime factors of j?
2, 3
Let d = -51 - -104. List the prime factors of d.
53
Suppose 5*b + 5*r - 10 = 0, 0*r - r + 22 = 5*b. Let q = -1 + b. Let n = q - -5. What are the prime factors of n?
3
Suppose 1192 = 5*j + 397. List the prime factors of j.
3, 53
Let r = 10 - 19. Let c = r + 12. What are the prime factors of c?
3
Let q = 43 - 21. Let s = 45 - q. List the prime factors of s.
23
Suppose -5*k - 4*h = -16, 3*h + 20 = 5*k + 8*h. Suppose 1 = l - k. List the prime factors of 11 - (-1 + 0/l).
2, 3
Suppose 3*q - 2*q = 10. Suppose -5*c + 20 = -q. What are the prime factors of c?
2, 3
Suppose 4*h - 3*h = -4*s + 253, -3*h = 2*s - 759. What are the prime factors of h?
11, 23
Let v(w) = 11*w**3 - 3*w**2 + w - 2. List the prime factors of v(2).
2, 19
Let r(y) = y - 4. Let n be -2 - (-1 + 1 + -8). Let j be r(n). Suppose -s = j*s - 24. What are the prime factors of s?
2
Let o = 1 + 1. Let g(t) = 4*t**3 - t**2 + 16*t - 10. Let r(u) = -3*u**3 + u**2 - 11*u + 7. Let n(w) = 5*g(w) + 7*r(w). What are the prime factors of n(o)?
5
Let p(r) = -r + 4. Let f be p(4). Suppose 45 = w - 5*m, f = 2*w - 5*w - m + 55. List the prime factors of w.
2, 5
Let k(v) = v**2 + 15*v - 4. Let x(t) = -t**2 - 14*t + 3. Let b(n) = 5*k(n) + 6*x(n). What are the prime factors of b(-6)?
2
Suppose 0 = 5*x + 2*q + 48, -5*x + 6*q - 28 = 3*q. Let l(i) = i**3 + 8*i**2 - 5*i - 1. What are the prime factors of l(x)?
3, 13
Suppose -w + 3*z - 4 + 6 = 0, 5*z - 10 = -5*w. Suppose w*s - 5*s - 4*b + 133 = 0, 5*b = -5*s + 215. Suppose -4*q + q = -s. List the prime factors of q.
13
Let o(z) = 10*z + 3. Let k(v) = -29*v - 8. Let t = 5 - 22. Let y(j) = t*o(j) - 6*k(j). List the prime factors of y(2).
5
Let t(k) = -k**3 - 9*k**2 - 10*k - 10. Let w be t(-8). Let m(o) = o**2 - 7*o + 8. Let v be m(w). What are the prime factors of (-6)/(-2)*2/v?
3
Suppose 17 = -5*x + 7. List the prime factors of ((-3)/x)/((-9)/(-30)).
5
Let g be (-5 - -4)/((-2)/8). Suppose 3*y = -f + 35, y + g*y - 61 = f. What are the prime factors of y?
2, 3
Let a(r) = 5*r**2 + 3*r + 35. Let h(t) = -14*t**2 - 8*t - 106. Let k(d) = -11*a(d) - 4*h(d). What are the prime factors of k(0)?
3, 13
Let t be (1 - -1) + -8 + -1. Let y(g) = -g + 11. Let p be y(0). Let f = t + p. What are the prime factors of f?
2
Suppose -4*x + 5*x - 45 = 0. List the prime factors of x.
3, 5
Let o(b) = 0 - 2 + 6*b + 6 + b**2. List the prime factors of o(-9).
31
List the prime factors of ((-23)/2)/((-2)/4).
23
Let h(x) be the third derivative of -x**6/120 + x**5/10 - x**4/6 + x**3 - 3*x**2. Let a be h(4). Let r = a + -6. List the prime factors of r.
2
Let f(c) = 60*c + 1. Suppose -4*n + 1 = 5*a, -a + 5*n + 8 = 2*a. List the prime factors of f(a).
61
Let o(c) = -c + 1. Let h be o(-4). Suppose -h*i = -3*x, 4*x - 5*i = 3 + 2. Suppose -q = -x*t + 32, 46 = 4*t + q + 15. List the prime factors of t.
7
Let k(r) = -8*r - 2*r + r. List the prime factors of k(-1).
3
Let v(p) = p**3 - 3*p**2 + 3*p. Let m be v(2). Suppose m*k - 8 = 16. List the prime factors of k.
2, 3
Let h = -4 - -34. List the prime factors of h.
2, 3, 5
List the prime factors of 346/2 + -2*(-15)/(-10).
2, 5, 17
Let f be ((-56)/6)/((-4)/(-12)). Let h = f + 44. What are the prime factors of h?
2
Let c(m) = m**3 + 6*m**2 - 4. List the prime factors of c(-5).
3, 7
What are the prime factors of ((-6)/(-8))/((-16)/(-1600))?
3, 5
Suppose 45 = 6*q + 3. List the prime factors of q.
7
Let j(c) = 4*c**2 - 13*c + 10. What are the prime factors of j(6)?
2, 19
Suppose 29 = y + 2*m - 1, 2*y - 4*m = 44. What are the prime factors of y?
2, 13
Let r(a) = -a**2 + 6*a - 7. Let s be r(5). Let t(v) be the second derivative of -v**5/10 - v**4/4 - v**3/6 - v. What are the prime factors of t(s)?
2, 3
Suppose 0 = 3*v - 224 - 4. What are the prime factors of v?
2, 19
What are the prime factors of (1/(-2))/((1 - 8)/1834)?
131
List the prime factors of 205/15 - 2/(-6).
2, 7
Suppose -4*c - 172 = 3*o + 15, 4*o = -4*c - 252. Let y = -24 - o. What are the prime factors of y?
41
Let u = 54 - -137. What are the prime factors of u?
191
What are the prime factors of (12 - 2)/(-2) + 98?
3, 31
Let q be 14/10 - (-3)/5. Suppose 0 = o - q - 0. Suppose -o*m = 2*m - 8. List the prime factors of m.
2
What are the prime factors of 2/((-12)/495)*-2?
3, 5, 11
Let b = -4 + 6. Let i = b - -11. Suppose a = i - 2. List the prime factors of a.
11
Suppose -4*n + 3*n = -5. Let b = 1 + -1. Suppose -n*h - 14 + 44 = b. What are the prime factors of h?
2, 3
Let m be (8 - 5)/(1/5). Suppose 3*z - 39 = -m. List the prime factors of z.
2
What are the prime factors of 4/(-34) + 108889/323?
337
Suppose 2*t - 2*w = 60, -5*t = -3*t + 2*